{"id":1117,"date":"2019-03-15T09:30:54","date_gmt":"2019-03-15T08:30:54","guid":{"rendered":"http:\/\/mon-hub.com\/?page_id=1117"},"modified":"2019-03-15T09:36:21","modified_gmt":"2019-03-15T08:36:21","slug":"e-commerce-et-marketplace","status":"publish","type":"page","link":"https:\/\/mon-hub.com\/index.php\/commerce-digital\/e-commerce-et-marketplace\/","title":{"rendered":"E-commerce ou Marketplace \u2013 Seul ou Ensemble ?"},"content":{"rendered":"<header class=\"entry-header\"><\/header>\n<div class=\"entry-content\">\n<p>Seul et isol\u00e9 dans le dessert d\u2019Internet ou Ensemble avec la communaut\u00e9 dans une place de march\u00e9 ?<\/p>\n<p><img loading=\"lazy\" decoding=\"async\" class=\"alignnone wp-image-140\" src=\"http:\/\/demeter-fb.fr\/wp-content\/uploads\/2017\/11\/premi%C3%A8re-page-sur-les-moteurs-de-recherches-seo-5.jpg\" alt=\"\" width=\"248\" height=\"165\" \/>\u00a0\u00a0<img loading=\"lazy\" decoding=\"async\" class=\"alignnone wp-image-67\" src=\"http:\/\/demeter-fb.fr\/wp-content\/uploads\/2017\/11\/qu-est-qu-un-site-de-market-place-300x168.png\" sizes=\"(max-width: 293px) 100vw, 293px\" srcset=\"http:\/\/demeter-fb.fr\/wp-content\/uploads\/2017\/11\/qu-est-qu-un-site-de-market-place-300x168.png 300w, http:\/\/demeter-fb.fr\/wp-content\/uploads\/2017\/11\/qu-est-qu-un-site-de-market-place-768x430.png 768w, http:\/\/demeter-fb.fr\/wp-content\/uploads\/2017\/11\/qu-est-qu-un-site-de-market-place.png 815w\" alt=\"\" width=\"293\" height=\"164\" \/><\/p>\n<p>La question de la digitalisation de votre entreprise est venue, maintenant vient le choix crucial de comment faire ? (Seul ou Ensemble ?).<\/p>\n<p><strong>2 choix s\u2019ouvrent \u00e0 vous :\u00a0<\/strong><\/p>\n<p>\u2013 D\u00e9buter en cr\u00e9ant son propre site de e-commerce est attendre d\u2019\u00eatre visible gr\u00e2ce \u00e0 un bon r\u00e9f\u00e9rencement naturel qui prend du temps et demande beaucoup d\u2019exp\u00e9riences et savoirs faire \/ payer des mots cl\u00e9s et donc modifier son seuil de rentabilit\u00e9 \u2026<\/p>\n<p>ou<\/p>\n<p>\u2013\u00a0 Mutualiser sa communication et profiter de la visibilit\u00e9 d\u2019un Marketplace sp\u00e9cialis\u00e9 et d\u00e9j\u00e0 existant, d\u00e9j\u00e0 visible, d\u00e9j\u00e0 une communaut\u00e9, d\u00e9j\u00e0 une notori\u00e9t\u00e9 \u2026<\/p>\n<p><em>Le changement n\u00e9cessite de mobiliser ses ressources, et parfois de lever ses limites.<\/em><br \/>\n<em>Se faire accompagner peut-\u00eatre un acc\u00e9l\u00e9rateur pr\u00e9cieux<\/em><\/p>\n<p><em>R\u00e9ussir, c\u2019est faire R\u00e9ussir !\u00a0<\/em><\/p>\n<\/div>\n","protected":false},"excerpt":{"rendered":"<p>Seul et isol\u00e9 dans le dessert d\u2019Internet ou Ensemble avec la communaut\u00e9 dans une place de march\u00e9 ? \u00a0\u00a0 La question de la digitalisation de votre entreprise est venue, maintenant vient le choix crucial de comment faire ? (Seul ou Ensemble ?). 2 choix s\u2019ouvrent \u00e0 vous :\u00a0 \u2013 D\u00e9buter en cr\u00e9ant son propre site [&hellip;]<\/p>\n","protected":false},"author":1,"featured_media":0,"parent":1115,"menu_order":0,"comment_status":"closed","ping_status":"closed","template":"","meta":{"footnotes":""},"_links":{"self":[{"href":"https:\/\/mon-hub.com\/index.php\/wp-json\/wp\/v2\/pages\/1117"}],"collection":[{"href":"https:\/\/mon-hub.com\/index.php\/wp-json\/wp\/v2\/pages"}],"about":[{"href":"https:\/\/mon-hub.com\/index.php\/wp-json\/wp\/v2\/types\/page"}],"author":[{"embeddable":true,"href":"https:\/\/mon-hub.com\/index.php\/wp-json\/wp\/v2\/users\/1"}],"replies":[{"embeddable":true,"href":"https:\/\/mon-hub.com\/index.php\/wp-json\/wp\/v2\/comments?post=1117"}],"version-history":[{"count":2,"href":"https:\/\/mon-hub.com\/index.php\/wp-json\/wp\/v2\/pages\/1117\/revisions"}],"predecessor-version":[{"id":1125,"href":"https:\/\/mon-hub.com\/index.php\/wp-json\/wp\/v2\/pages\/1117\/revisions\/1125"}],"up":[{"embeddable":true,"href":"https:\/\/mon-hub.com\/index.php\/wp-json\/wp\/v2\/pages\/1115"}],"wp:attachment":[{"href":"https:\/\/mon-hub.com\/index.php\/wp-json\/wp\/v2\/media?parent=1117"}],"curies":[{"name":"wp","href":"https:\/\/api.w.org\/{rel}","templated":true}]}}