{"id":1150,"date":"2019-03-27T15:23:48","date_gmt":"2019-03-27T14:23:48","guid":{"rendered":"http:\/\/mon-hub.com\/?page_id=1150"},"modified":"2019-03-27T15:57:38","modified_gmt":"2019-03-27T14:57:38","slug":"parrainage","status":"publish","type":"page","link":"https:\/\/mon-hub.com\/index.php\/parrainage\/","title":{"rendered":"Parrainage"},"content":{"rendered":"<p><img loading=\"lazy\" decoding=\"async\" class=\"alignnone  wp-image-1171\" src=\"http:\/\/mon-hub.com\/wp-content\/uploads\/2019\/03\/programme-de-parrainage-sitimp-2019a-300x201.jpg\" alt=\"\" width=\"713\" height=\"478\" srcset=\"https:\/\/mon-hub.com\/wp-content\/uploads\/2019\/03\/programme-de-parrainage-sitimp-2019a-300x201.jpg 300w, https:\/\/mon-hub.com\/wp-content\/uploads\/2019\/03\/programme-de-parrainage-sitimp-2019a-768x516.jpg 768w, https:\/\/mon-hub.com\/wp-content\/uploads\/2019\/03\/programme-de-parrainage-sitimp-2019a-624x419.jpg 624w, https:\/\/mon-hub.com\/wp-content\/uploads\/2019\/03\/programme-de-parrainage-sitimp-2019a.jpg 986w\" sizes=\"(max-width: 713px) 100vw, 713px\" \/><\/p>\n<p><strong>\u00ab\u00a0Programme de parrainage 2019.a\u00a0\u00bb<\/strong><\/p>\n<p>1\/\u00a0Vous parlez du site et du \u00ab Programme de parrainage \u00bb \u00e0 travers de blogs, r\u00e9seaux sociaux, \u2026<\/p>\n<p>2\/\u00a0Vos filleuls gagent un bon de r\u00e9duction sur le site ou un cadeau en cas de commande sur le site.<\/p>\n<p>3\/\u00a0Vos filleuls commandent &#8211; Vous gagnez une commission sous forme de bon d\u2019achat ou cadeau sur les commandes de \u00bb vos filleuls (dur\u00e9e limit\u00e9e dans le temps pour un m\u00eame filleul)<\/p>\n<p>4\/\u00a0Vos filleuls parrainent \u00e0 leur tour \u2013 les filleuls de vos filleuls commandent &#8211; Vous gagnez une commission sous forme de bon d\u2019achat ou cadeau sur les commandes de \u00bb vos filleuls n-1 (dur\u00e9e limit\u00e9e dans le temps pour un m\u00eame filleul)<\/p>\n","protected":false},"excerpt":{"rendered":"<p>\u00ab\u00a0Programme de parrainage 2019.a\u00a0\u00bb 1\/\u00a0Vous parlez du site et du \u00ab Programme de parrainage \u00bb \u00e0 travers de blogs, r\u00e9seaux sociaux, \u2026 2\/\u00a0Vos filleuls gagent un bon de r\u00e9duction sur le site ou un cadeau en cas de commande sur le site. 3\/\u00a0Vos filleuls commandent &#8211; Vous gagnez une commission sous forme de bon d\u2019achat [&hellip;]<\/p>\n","protected":false},"author":1,"featured_media":0,"parent":0,"menu_order":0,"comment_status":"closed","ping_status":"closed","template":"","meta":{"footnotes":""},"_links":{"self":[{"href":"https:\/\/mon-hub.com\/index.php\/wp-json\/wp\/v2\/pages\/1150"}],"collection":[{"href":"https:\/\/mon-hub.com\/index.php\/wp-json\/wp\/v2\/pages"}],"about":[{"href":"https:\/\/mon-hub.com\/index.php\/wp-json\/wp\/v2\/types\/page"}],"author":[{"embeddable":true,"href":"https:\/\/mon-hub.com\/index.php\/wp-json\/wp\/v2\/users\/1"}],"replies":[{"embeddable":true,"href":"https:\/\/mon-hub.com\/index.php\/wp-json\/wp\/v2\/comments?post=1150"}],"version-history":[{"count":5,"href":"https:\/\/mon-hub.com\/index.php\/wp-json\/wp\/v2\/pages\/1150\/revisions"}],"predecessor-version":[{"id":1172,"href":"https:\/\/mon-hub.com\/index.php\/wp-json\/wp\/v2\/pages\/1150\/revisions\/1172"}],"wp:attachment":[{"href":"https:\/\/mon-hub.com\/index.php\/wp-json\/wp\/v2\/media?parent=1150"}],"curies":[{"name":"wp","href":"https:\/\/api.w.org\/{rel}","templated":true}]}}